{"id":723,"date":"2025-02-16T09:19:02","date_gmt":"2025-02-16T08:19:02","guid":{"rendered":"https:\/\/apli-tech.pl\/?post_type=product&#038;p=723"},"modified":"2025-11-23T07:47:39","modified_gmt":"2025-11-23T06:47:39","slug":"zaprawiarka-do-ziemniakow-geo-400-4-rzedowa-mocowanie-tuz","status":"publish","type":"product","link":"https:\/\/apli-tech.pl\/?product=zaprawiarka-do-ziemniakow-geo-400-4-rzedowa-mocowanie-tuz","title":{"rendered":"Zaprawiarka do ziemniak\u00f3w Geo-400 4-rz\u0119dowa mocowanie TUZ"},"content":{"rendered":"<h2>Zaprawiarka do ziemniak\u00f3w mocowana na przedni Tuz kat. II<\/h2>\n<table class=\"woocommerce-product-attributes shop_attributes\" style=\"height: 396px;\" width=\"807\">\n<tbody>\n<tr>\n<td width=\"49%\">SPOS\u00d3B NATRYSKU<\/td>\n<td width=\"50%\">CI\u015aNIENIOWY<\/td>\n<\/tr>\n<tr>\n<td width=\"49%\">RODZAJ ROZPYLACZY<\/td>\n<td width=\"50%\">PRZEMYS\u0141OWE\/PIER\u015aCIENIOWE<\/td>\n<\/tr>\n<tr>\n<td width=\"49%\">PRZYK\u0141ADOWA WYDAJNO\u015a\u0106<\/p>\n<p>PR\u0118DKO\u015a\u0106 5km\/h, ROZSTAW MIEDZYRZ\u0118DZI 75cm<\/td>\n<td width=\"50%\">18-163 LTR\/HEKTAR<\/td>\n<\/tr>\n<tr>\n<td width=\"49%\">ZASILANIE<\/td>\n<td width=\"50%\">12VDC<\/td>\n<\/tr>\n<tr>\n<td width=\"49%\">FILTRACJA CIECZY<\/td>\n<td width=\"50%\">3 \u2013 STOPNIOWA<\/td>\n<\/tr>\n<tr>\n<td width=\"49%\">CI\u015aNIENIE ROBOCZE<\/td>\n<td width=\"50%\">0,5-3 BAR<\/td>\n<\/tr>\n<tr>\n<td width=\"49%\">POJEMNO\u015a\u0106 ZBIORNIKA NA CIECZ<\/td>\n<td width=\"50%\">400 LTR<\/td>\n<\/tr>\n<tr>\n<td width=\"49%\">MIESZANIE CIECZY<\/td>\n<td width=\"50%\">TAK \u2013 2 STOPNIOWE<\/td>\n<\/tr>\n<tr>\n<td width=\"49%\">RODZAJ STOSOWANYCH \u015aRODK\u00d3W<\/td>\n<td width=\"50%\">BIOLOGICZNE \/CHEMICZNE<\/td>\n<\/tr>\n<tr>\n<td width=\"49%\">ILO\u015a\u0106 DYSZ NATRYSKUJ\u0104CYCH<\/td>\n<td width=\"50%\">2 SZT NA 1 RZ\u0104D SADZARKI<\/td>\n<\/tr>\n<\/tbody>\n<\/table>\n<p>&nbsp;<\/p>\n<p>&nbsp;<\/p>\n","protected":false},"excerpt":{"rendered":"<div class=\"overflow-x-auto relative\" dir=\"auto\">\n<div>\n<p><strong>Zaprawiarka do ziemniak\u00f3w Apli-Tech Ge0-400 z mocowaniem Tuz Kat. II<\/strong><\/p>\n<\/div>\n<\/div>\n<div class=\"overflow-x-auto relative\" dir=\"auto\">\n<div>\n<p>Zaprawiarka do ziemniak\u00f3w <strong>Apli-Tech Ge0-400<\/strong> to nowoczesne urz\u0105dzenie, kt\u00f3re rewolucjonizuje proces sadzenia i zaprawiania ziemniak\u00f3w. Stworzona z my\u015bl\u0105 o efektywno\u015bci i wygodzie, doskonale sprawdza si\u0119 w po\u0142\u0105czeniu z sadzark\u0105, zapewniaj\u0105c optymalne warunki dla wzrostu ro\u015blin.<\/p>\n<\/div>\n<\/div>\n<div class=\"overflow-x-auto relative\" dir=\"auto\">\n<div>\n<p><strong>G\u0142\u00f3wne cechy produktu:<\/strong><\/p>\n<\/div>\n<\/div>\n<div class=\"overflow-x-auto relative\" dir=\"auto\">\n<div>\n<ol>\n<li><strong>Zaawansowana technologia:<\/strong> Zaprawiarka Apli-Tech wykorzystuje nowoczesne rozwi\u0105zania, kt\u00f3re umo\u017cliwiaj\u0105 r\u00f3wnomierne i skuteczne pokrycie ziemniak\u00f3w preparatami ochronnymi, co zwi\u0119ksza ich odporno\u015b\u0107 na choroby oraz szkodniki.<\/li>\n<\/ol>\n<\/div>\n<\/div>\n<div class=\"overflow-x-auto relative\" dir=\"auto\">\n<div>\n<ol start=\"2\">\n<li><strong>Prosty monta\u017c:<\/strong> Urz\u0105dzenie zosta\u0142o zaprojektowane z my\u015bl\u0105 o \u0142atwym monta\u017cu na sadzarkach, co pozwala na szybkie i bezproblemowe w\u0142\u0105czenie do istniej\u0105cego procesu sadzenia.<\/li>\n<\/ol>\n<\/div>\n<\/div>\n<div class=\"overflow-x-auto relative\" dir=\"auto\">\n<div>\n<ol start=\"3\">\n<li><strong>Precyzyjne dozowanie:<\/strong> Zastosowanie systemu dozuj\u0105cego opartego o wysokowydajn\u0105 pomp\u0119 Shurflo 20 l\/min, zaw\u00f3r sterownia ci\u015bnieniem Arag w po\u0142\u0105czeniu z przemys\u0142owi pier\u015bcieniowymi rozpylaczami Hypro zapewnia optymalne wykorzystanie zaprawy, co minimalizuje straty materia\u0142owe i pozwala na uzyskanie najlepszych rezultat\u00f3w.<\/li>\n<\/ol>\n<\/div>\n<\/div>\n<div class=\"overflow-x-auto relative\" dir=\"auto\">\n<ol start=\"4\">\n<li><strong>Wysoka jako\u015b\u0107 wykonania:<\/strong> Zaprawiarka Apli-Tech jest wykonana z trwa\u0142ych materia\u0142\u00f3w, odpornych na dzia\u0142anie substancji chemicznych oraz niekorzystnych warunk\u00f3w atmosferycznych. maszyna zbudowana z podzepo\u0142\u00f3w takich jak pompa Shurflo, zaw\u00f3r sterownia ci\u015bnieniem Arag oraz system filtracji ze stali nierdzewnej Tecomec gwarantuje d\u0142ugotrwa\u0142\u0105 i niezawodn\u0105 prac\u0119.<\/li>\n<li><strong>Wszechstronno\u015b\u0107:<\/strong> Zaprawiarka Apli-Tech Geo-400 jest idealna do r\u00f3\u017cnych typ\u00f3w upraw i zabieg\u00f3w. Stosowana jako zaprawiarka do ziemniak\u00f3w a tak\u017ce innych warzyw takich jak np. cebula w trakcie sadzenia\/wysiewu, a w p\u00f3\u017aniejszej fazach mo\u017ce pos\u0142u\u017cy\u0107 jako opryskiwacz dozuj\u0105cy nawozy.<\/li>\n<\/ol>\n<\/div>\n<div class=\"overflow-x-auto relative\" dir=\"auto\"><\/div>\n<div class=\"overflow-x-auto relative\" dir=\"auto\">\n<div><\/div>\n<\/div>\n<div class=\"overflow-x-auto relative\" dir=\"auto\">\n<div>\n<p><strong>Korzy\u015bci z u\u017cytkowania:<\/strong><\/p>\n<\/div>\n<\/div>\n<div class=\"overflow-x-auto relative\" dir=\"auto\">\n<div>\n<ul>\n<li>Zwi\u0119kszenie plon\u00f3w dzi\u0119ki lepszemu przygotowaniu ziemniak\u00f3w do sadzenia.<\/li>\n<li>Ochrona upraw przed chorobami i szkodnikami, co przek\u0142ada si\u0119 na wy\u017csz\u0105 jako\u015b\u0107 zbior\u00f3w.<\/li>\n<li>Oszcz\u0119dno\u015b\u0107 czasu i materia\u0142\u00f3w dzi\u0119ki efektywnemu procesowi zaprawiania.<\/li>\n<li>Wsparcie dla zr\u00f3wnowa\u017conego rozwoju w gospodarstwie rolnym.<\/li>\n<\/ul>\n<\/div>\n<\/div>\n<div class=\"overflow-x-auto relative\" dir=\"auto\">\n<div>\n<p>Zaprawiarka do ziemniak\u00f3w Apli-Tech Geo-400 montowana na sadzark\u0119 to kluczowe narz\u0119dzie, kt\u00f3re wspiera rolnik\u00f3w w d\u0105\u017ceniu do osi\u0105gania lepszych wynik\u00f3w. Dzi\u0119ki niej, ka\u017cdy etap sadzenia staje si\u0119 bardziej efektywny, co przek\u0142ada si\u0119 na zdrowe i obfite plony.<\/p>\n<\/div>\n<\/div>\n","protected":false},"featured_media":732,"comment_status":"closed","ping_status":"closed","template":"","meta":[],"product_brand":[],"product_cat":[19],"product_tag":[],"class_list":{"0":"post-723","1":"product","2":"type-product","3":"status-publish","4":"has-post-thumbnail","6":"product_cat-zaprawiarki-do-ziemniakow","7":"product_shipping_class-paleta","9":"first","10":"instock","11":"sold-individually","12":"taxable","13":"shipping-taxable","14":"purchasable","15":"product-type-simple"},"_links":{"self":[{"href":"https:\/\/apli-tech.pl\/index.php?rest_route=\/wp\/v2\/product\/723","targetHints":{"allow":["GET"]}}],"collection":[{"href":"https:\/\/apli-tech.pl\/index.php?rest_route=\/wp\/v2\/product"}],"about":[{"href":"https:\/\/apli-tech.pl\/index.php?rest_route=\/wp\/v2\/types\/product"}],"replies":[{"embeddable":true,"href":"https:\/\/apli-tech.pl\/index.php?rest_route=%2Fwp%2Fv2%2Fcomments&post=723"}],"version-history":[{"count":2,"href":"https:\/\/apli-tech.pl\/index.php?rest_route=\/wp\/v2\/product\/723\/revisions"}],"predecessor-version":[{"id":884,"href":"https:\/\/apli-tech.pl\/index.php?rest_route=\/wp\/v2\/product\/723\/revisions\/884"}],"wp:featuredmedia":[{"embeddable":true,"href":"https:\/\/apli-tech.pl\/index.php?rest_route=\/wp\/v2\/media\/732"}],"wp:attachment":[{"href":"https:\/\/apli-tech.pl\/index.php?rest_route=%2Fwp%2Fv2%2Fmedia&parent=723"}],"wp:term":[{"taxonomy":"product_brand","embeddable":true,"href":"https:\/\/apli-tech.pl\/index.php?rest_route=%2Fwp%2Fv2%2Fproduct_brand&post=723"},{"taxonomy":"product_cat","embeddable":true,"href":"https:\/\/apli-tech.pl\/index.php?rest_route=%2Fwp%2Fv2%2Fproduct_cat&post=723"},{"taxonomy":"product_tag","embeddable":true,"href":"https:\/\/apli-tech.pl\/index.php?rest_route=%2Fwp%2Fv2%2Fproduct_tag&post=723"}],"curies":[{"name":"wp","href":"https:\/\/api.w.org\/{rel}","templated":true}]}}