{"id":180,"date":"2023-08-03T00:06:28","date_gmt":"2023-08-02T22:06:28","guid":{"rendered":"http:\/\/apli-tech.pl\/?post_type=product&#038;p=180"},"modified":"2025-11-09T07:10:21","modified_gmt":"2025-11-09T06:10:21","slug":"aplikator-zakiszania-az-80-optimal","status":"publish","type":"product","link":"https:\/\/apli-tech.pl\/?product=aplikator-zakiszania-az-80-optimal","title":{"rendered":"Aplikator zakiszania AZ-80 Optimal"},"content":{"rendered":"<ol>\n<li><\/li>\n<\/ol>\n<table class=\"woocommerce-product-attributes shop_attributes\">\n<tbody>\n<tr>\n<td width=\"47%\">SPOS\u00d3B NATRYSKU<\/td>\n<td width=\"52%\">CI\u015aNIENIOWY<\/td>\n<\/tr>\n<tr>\n<td width=\"47%\">RODZAJ ROZPYLACZY<\/td>\n<td width=\"52%\">E\u017bEKTOROWE<\/td>\n<\/tr>\n<tr>\n<td width=\"47%\">WYDAJNO\u015a\u0106<\/td>\n<td width=\"52%\">0,36-3,2 LTR\/MIN<\/td>\n<\/tr>\n<tr>\n<td width=\"47%\">ZASILANIE<\/td>\n<td width=\"52%\">12VDC<\/td>\n<\/tr>\n<tr>\n<td width=\"47%\">FILTRACJA CIECZY<\/td>\n<td width=\"52%\">3 \u2013 STOPNIOWA<\/td>\n<\/tr>\n<tr>\n<td width=\"47%\">CI\u015aNIENIE ROBOCZE<\/td>\n<td width=\"52%\">0,5-5 BAR<\/td>\n<\/tr>\n<tr>\n<td width=\"47%\">POJEMNO\u015a\u0106 ZBIORNIKA NA CIECZ<\/td>\n<td width=\"52%\">80 LTR<\/td>\n<\/tr>\n<tr>\n<td width=\"47%\">MIESZANIE CIECZY<\/td>\n<td width=\"52%\">TAK<\/td>\n<\/tr>\n<tr>\n<td width=\"47%\">RODZAJ STOSOWANYCH \u015aRODK\u00d3W<\/td>\n<td width=\"52%\">BIOLOGICZNE\/KWASOWE\/CHEMICZNE<\/td>\n<\/tr>\n<\/tbody>\n<\/table>\n","protected":false},"excerpt":{"rendered":"<p><strong>Aplikator do zakiszania pasz Apli-Tech Az-80 Optimal II<\/strong><\/p>\n<p>Aplikator do zakiszania pasz to niezast\u0105pione narz\u0119dzie w\u00a0 rolnictwie, kt\u00f3re umo\u017cliwia precyzyjne i r\u00f3wnomierne dozowanie preparat\u00f3w zakiszaj\u0105cych w trakcie przygotowania pasz. Urz\u0105dzenie wsp\u00f3\u0142pracuje z prasami, przyczepami samozbierajacymi, na sieczkarniach a tak\u017ce na wa\u0142ach i rozgarniaczach pryzmowych. Dzi\u0119ki zastosownaia aplikatora Apli-Tech Az-80 Optimal II proces zakiszania staje si\u0119 bardziej efektywny, co przek\u0142ada si\u0119 na lepsz\u0105 jako\u015b\u0107 paszy oraz zwi\u0119kszon\u0105 wydajno\u015b\u0107 hodowli.<\/p>\n<p><strong>Cechy produktu:<\/strong><\/p>\n<ul>\n<li><strong>Precyzyjne dozowanie<\/strong> \u2013 odpowiednia budowa urz\u0105dzenia w po\u0142\u0105czeniu ze specjalistycznymi rozpylaczami pozwala na dok\u0142adne rozprowadzanie preparatu, minimalizuj\u0105c straty i zwi\u0119kszaj\u0105c efektywno\u015b\u0107.<\/li>\n<li><strong>Ergonomiczny kszta\u0142t<\/strong> \u2013\u00a0 aplikator Az-80 Optimal II zosta\u0142 zbudowany i zaprojektowany tak aby jego monta\u017c, obs\u0142uga oraz budowa\u00a0 pozwoli\u0142y na umiejscowienie na prasie, przyczepie, sieczkarni oraz wa\u0142ach i rozgarniaczach pryzmowych. Urz\u0105dzenie jest idealne do powieszenia na \u015bcianach przyczep, posiada wzmocnione tylne otwory i p\u0142ask\u0105 \u015bcian\u0119.<\/li>\n<li><strong>Najwy\u017csza jako\u015b\u0107 podzespo\u0142\u00f3w &#8211;\u00a0<\/strong>jako jedyni na rynku stosujemy najwy\u017cszej jako\u015bci podzespo\u0142y do budowy aplikatora. Pompa Shurflo &#8211; jedyny wiod\u0105cy producent na rynku pomp elektrycznych dla rolnictwa, zaw\u00f3r sterowania ci\u015bnieniem\u00a0 Arag &#8211; stworzony przy wsp\u00f3\u0142pracy z Shurflo specjalnie dla pomp elektrycznych charakteryzuje si\u0119 precyzj\u0105 i trwa\u0142o\u015bci\u0105, filtracja ze stali nierdzewnej Tecomec, oprawy rozpylaczy z zaworami antykapi\u0105cymi, rozpylacze e\u017cektorowe.<\/li>\n<li><strong>Trwa\u0142a i odporna na korozj\u0119 konstrukcja<\/strong> \u2013 wykonana z wysokiej jako\u015bci stali, malowana proszkowo specjalistycznym rodzajem farby zapewnia wieloletni\u0105 trwa\u0142o\u015b\u0107 pow\u0142oki. Konstrukcja w ca\u0142o\u015bci skr\u0119cana z element\u00f3w wycinanych laserowo ze stali wysokogatunkowych i gi\u0119tych na nowoczesnych maszynach CNC gwarantuje stabilno\u015b\u0107 i wytrzyma\u0142o\u015b\u0107<\/li>\n<li><strong>\u0141atwa obs\u0142uga i czyszczenie<\/strong> \u2013 uk\u0142ad hydrauliczny cieczy zbudowany w spos\u00f3b\u00a0 umo\u017cliwiaj\u0105cy szybkie\u00a0 p\u0142ukanie bez konieczno\u015bci spuszczania cieczy ze zbiornika..<\/li>\n<li><strong>Uniwersalno\u015b\u0107 zastosowania<\/strong> \u2013 kompatybilny z r\u00f3\u017cnymi rodzajami preparat\u00f3w zakiszaj\u0105cych i metod ich nanoszenia w trakcie zbioru pasz.<\/li>\n<\/ul>\n<p>Aplikator do zakiszania Apli-Tech Az-80 Optimal II to idealne rozwi\u0105zanie dla gospodarstw rolnych d\u0105\u017c\u0105cych do optymalizacji procesu produkcji pasz i poprawy kondycji zwierz\u0105t.<\/p>\n","protected":false},"featured_media":113,"comment_status":"closed","ping_status":"closed","template":"","meta":[],"product_brand":[],"product_cat":[21],"product_tag":[],"class_list":{"0":"post-180","1":"product","2":"type-product","3":"status-publish","4":"has-post-thumbnail","6":"product_cat-aplikatory-zakiszania","7":"product_shipping_class-gabaryt","9":"first","10":"instock","11":"featured","12":"taxable","13":"shipping-taxable","14":"purchasable","15":"product-type-variable"},"_links":{"self":[{"href":"https:\/\/apli-tech.pl\/index.php?rest_route=\/wp\/v2\/product\/180","targetHints":{"allow":["GET"]}}],"collection":[{"href":"https:\/\/apli-tech.pl\/index.php?rest_route=\/wp\/v2\/product"}],"about":[{"href":"https:\/\/apli-tech.pl\/index.php?rest_route=\/wp\/v2\/types\/product"}],"replies":[{"embeddable":true,"href":"https:\/\/apli-tech.pl\/index.php?rest_route=%2Fwp%2Fv2%2Fcomments&post=180"}],"version-history":[{"count":2,"href":"https:\/\/apli-tech.pl\/index.php?rest_route=\/wp\/v2\/product\/180\/revisions"}],"predecessor-version":[{"id":899,"href":"https:\/\/apli-tech.pl\/index.php?rest_route=\/wp\/v2\/product\/180\/revisions\/899"}],"wp:featuredmedia":[{"embeddable":true,"href":"https:\/\/apli-tech.pl\/index.php?rest_route=\/wp\/v2\/media\/113"}],"wp:attachment":[{"href":"https:\/\/apli-tech.pl\/index.php?rest_route=%2Fwp%2Fv2%2Fmedia&parent=180"}],"wp:term":[{"taxonomy":"product_brand","embeddable":true,"href":"https:\/\/apli-tech.pl\/index.php?rest_route=%2Fwp%2Fv2%2Fproduct_brand&post=180"},{"taxonomy":"product_cat","embeddable":true,"href":"https:\/\/apli-tech.pl\/index.php?rest_route=%2Fwp%2Fv2%2Fproduct_cat&post=180"},{"taxonomy":"product_tag","embeddable":true,"href":"https:\/\/apli-tech.pl\/index.php?rest_route=%2Fwp%2Fv2%2Fproduct_tag&post=180"}],"curies":[{"name":"wp","href":"https:\/\/api.w.org\/{rel}","templated":true}]}}